rue
Is 21460843 composite?
False
Is 72660113 a composite number?
False
Is 15046359 composite?
True
Is 19993361 composite?
False
Is 3101771 prime?
True
Is 79068793 prime?
True
Is 7296953 a composite number?
False
Is 50518379 prime?
True
Is 167104133 a prime number?
False
Is 3182167 prime?
True
Is 208451 a prime number?
False
Is 92957567 composite?
False
Is 1093497 a composite number?
True
Is 262319 a composite number?
True
Is 10206877 a composite number?
False
Is 129257255 prime?
False
Is 1028019 a composite number?
True
Is 110907361 composite?
False
Is 943111 a composite number?
True
Is 113978883 a prime number?
False
Is 479663963 a composite number?
False
Is 121721 a composite number?
False
Is 68729 a prime number?
True
Is 694843583 a prime number?
False
Is 5160349 a composite number?
True
Is 12100373 a composite number?
False
Is 13502741 prime?
False
Is 3274823 a composite number?
False
Is 68014069 prime?
True
Is 323244391 a prime number?
True
Is 943003 a composite number?
False
Is 76834631 prime?
True
Is 36169073 a composite number?
False
Is 23363149 composite?
True
Is 173303489 composite?
True
Is 7902073 a composite number?
False
Is 17184283 a composite number?
False
Is 39905959 a prime number?
False
Is 13181549 a composite number?
False
Is 76206677 a prime number?
True
Is 272031713 a prime number?
False
Is 184133 a composite number?
False
Is 262819237 a composite number?
False
Is 2408335 prime?
False
Is 35021821 composite?
True
Is 2073647 prime?
True
Is 95735483 a prime number?
False
Is 2348947 prime?
True
Is 3278897 composite?
True
Is 231708571 a prime number?
False
Is 48481907 composite?
True
Is 310861 prime?
True
Is 4136507 a composite number?
True
Is 379165987 a prime number?
True
Is 29415403 a composite number?
True
Is 557389087 prime?
True
Is 2150273 prime?
True
Is 18246227 prime?
True
Is 1619999 composite?
True
Is 801833 composite?
False
Is 9725899 a composite number?
True
Is 638147 prime?
True
Is 83718887 a prime number?
False
Is 64547657 a composite number?
True
Is 216599021 composite?
True
Is 3125561 a composite number?
False
Is 132659 composite?
True
Is 3220699 a composite number?
False
Is 16071109 a composite number?
False
Is 10275567 a prime number?
False
Is 214361627 prime?
False
Is 69433939 prime?
False
Is 588813 composite?
True
Is 10810661 a prime number?
False
Is 847919 a prime number?
True
Is 816992245 prime?
False
Is 8117086 a composite number?
True
Is 91434229 a prime number?
False
Is 7593337 composite?
True
Is 4366079 prime?
True
Is 478148479 a prime number?
True
Is 3793186 a composite number?
True
Is 5685221 prime?
True
Is 1936679 composite?
False
Is 131394763 composite?
False
Is 211423547 a prime number?
False
Is 40642807 a composite number?
False
Is 7136617 prime?
False
Is 80699351 prime?
False
Is 33228527 a composite number?
False
Is 138283213 a composite number?
True
Is 25318441 prime?
False
Is 36770611 composite?
True
Is 126663 composite?
True
Is 7482097 prime?
False
Is 4050187 a prime number?
True
Is 46024789 a composite number?
False
Is 1343842859 prime?
True
Is 4023647 a prime number?
False
Is 202914163 a composite number?
True
Is 2602583 prime?
False
Is 7134403 prime?
False
Is 15416737 a prime number?
False
Is 5721929 composite?
False
Is 356779043 a prime number?
False
Is 40769 prime?
False
Is 313140523 prime?
False
Is 31009 prime?
False
Is 115365622 a composite number?
True
Is 34441111 composite?
True
Is 18510979 a composite number?
False
Is 786803 composite?
False
Is 58340323 composite?
False
Is 65550851 a prime number?
False
Is 31246379 a prime number?
True
Is 423976513 a composite number?
False
Is 316424027 prime?
True
Is 3234457 prime?
False
Is 10400249 a composite number?
False
Is 75950503 a prime number?
True
Is 9581371 prime?
True
Is 507523 composite?
False
Is 186008299 prime?
True
Is 23173283 a prime number?
False
Is 34587221 a composite number?
True
Is 19731821 a composite number?
False
Is 42677267 a prime number?
True
Is 1703501 a prime number?
True
Is 70600829 a composite number?
True
Is 346403 composite?
True
Is 671824885 composite?
True
Is 24754157 a prime number?
True
Is 63881 a composite number?
True
Is 3822559 prime?
False
Is 2879801 prime?
True
Is 6791221 prime?
False
Is 312626161 a prime number?
True
Is 11191097 a prime number?
False
Is 84629 composite?
False
Is 3677867 a composite number?
True
Is 19923269 a prime number?
False
Is 577571 a composite number?
True
Is 22788833 prime?
False
Is 2650031 composite?
True
Is 11006503 prime?
True
Is 59736133 composite?
True
Is 234427 prime?
False
Is 58048141 a prime number?
True
Is 3949859 a composite number?
True
Is 3674521 a prime number?
True
Is 263359403 a prime number?
True
Is 19857889 a composite number?
False
Is 37980001 prime?
True
Is 207839417 a prime number?
True
Is 434453 a prime number?
False
Is 174319781 prime?
True
Is 2116019 a composite number?
False
Is 44156003 a composite number?
True
Is 6471583 prime?
True
Is 656015 prime?
False
Is 1515219 a composite number?
True
Is 33967897 composite?
False
Is 85800401 a composite number?
True
Is 33661795 prime?
False
Is 489336478 prime?
False
Is 1770953 a prime number?
False
Is 978863 a prime number?
True
Is 130968577 a prime number?
False
Is 2171077 composite?
False
Is 720353885 a composite number?
True
Is 1859239 composite?
True
Is 3362887 a composite number?
True
Is 2062747 composite?
False
Is 19303363 composite?
True
Is 51804941 prime?
False
Is 25052159 composite?
True
Is 219560381 a prime number?
True
Is 52910331 a prime number?
False
Is 304012511 prime?
False
Is 332000153 a composite number?
True
Is 34551449 composite?
False
Is 3817 a composite number?
True
Is 1731361 a composite number?
False
Is 631712283 composite?
True
Is 27045311 composite?
False
Is 6493339 composite?
True
Is 689665017 composite?
True
Is 254804083 prime?
True
Is 10692579 a composite number?
True
Is 1296649 prime?
True
Is 7421273 composite?
True
Is 3326933 a prime number?
True
Is 9442963 composite?
False
Is 6560413 composite?
False
Is 2465651 composite?
False
Is 1053323 a prime number?
False
Is 159323657 composite?
True
Is 6736003 composite?
False
Is 8400143 a composite number?
False
Is 11842951 composite?
True
Is 10858118 a composite number?
True
Is 14915819 composite?
False
Is 3512429 a prime number?
False
Is 1532351 composite?
False
Is 1262153 a composite number?
True
Is 90929 composite?
True
Is 1509461 prime?
False
Is 9775933 composite?
False
Is 206386181 a composite number?
False
Is 85375473 prime?
False
Is 773912701 a composite number?
False
Is 19303846 prime?
False
Is 282359366 prime?
False
Is 8012059 composite?
True
Is 93622773 a prime number?
False
Is 246910817 composite?
False
Is 1259761 composite?
True
Is 11344897 composite?
False
Is 1160977 prime?
True
Is 14103907 a composite number?
False
Is 42802363 a prime number?
True
Is 437033 composite?
False
Is 6973053 composite?
True
Is 84622553 a prime number?
True
Is 23003077 composite?
True
Is 2588809 a composite number?
False
Is 629653 a composite number?
False
Is 336698807 composite?
True
Is 193951451 prime?
True
Is 96789377 a composite number?
False
Is 2383583 prime?
False
Is 274103 a composite number?
False
Is 166815787 a composite number?
True
Is 78415591 composite?
False
Is 17438197 composite?
True
Is 10870537 prime?
True
Is 4708978 a prime number?
False
Is 4536283 a composite number?
False
Is 7462265 prime?
False
Is 513061223 prime?
True
Is 14903 a composite number?
True
Is 1196640377 prime?
True
Is 15496841 a composite number?
False
Is 12585227 prime?
True
Is 6404381 a composite number?
False
Is 1946801 prime?
True
Is 4830149 prime?
True
Is 10779551 a prime number?
True
Is 988557 prime?
False
Is 677639 prime?
True
Is 70032563 prime?
True
Is 99096263 composite?
True
Is 109400621 prime?
False
Is 249067589 a composite number?
False
Is 8285399 a composite number?
False
Is 2842421 composite?
True
Is 210422183 a composite number?
False
Is 3512571 composite?
True
Is 12313085 composite?
True
Is 65042141 prime?
True
Is 66531161 prime?
True
Is 70958599 a composite number?
False
Is 937025797 composite?
False
Is 114299 composite?
False
Is 554672414 composite?
True
Is 2172977 prime?
True
Is 16944233 a composite number?
True
Is 12688033 a prime number?
True
Is 4471